er?
False
Is 19615 prime?
False
Is 5969 a prime number?
False
Is 516445 a composite number?
True
Is 4341 composite?
True
Is 13579 composite?
True
Is 83689 prime?
True
Is 27941 prime?
True
Is 3613 a prime number?
True
Is 143006 prime?
False
Is 543497 a prime number?
True
Is 8882 a composite number?
True
Is 590813 a prime number?
True
Is 167557 prime?
False
Is 7669 a prime number?
True
Is 70097 a prime number?
False
Is 140813 a composite number?
False
Is 137909 composite?
False
Is 334487 composite?
False
Is 170797 composite?
True
Is 14189 a composite number?
True
Is 47777 a prime number?
True
Is 19361 a composite number?
True
Is 11707 prime?
False
Is 14207 prime?
True
Is 1373 a prime number?
True
Is 2053 prime?
True
Is 4271 composite?
False
Is 4717 a prime number?
False
Is 80471 a composite number?
False
Is 510281 a composite number?
True
Is 541 composite?
False
Is 32167 a prime number?
False
Is 241283 composite?
True
Is 4547 prime?
True
Is 230647 prime?
True
Is 103102 a composite number?
True
Is 17513 a prime number?
False
Is 1630389 prime?
False
Is 179 composite?
False
Is 64187 a prime number?
True
Is 140717 composite?
False
Is 52747 a composite number?
False
Is 493849 a composite number?
True
Is 44569 composite?
True
Is 984167 prime?
True
Is 821 prime?
True
Is 358361 composite?
True
Is 945537 a composite number?
True
Is 156089 a prime number?
True
Is 563891 composite?
True
Is 37087 composite?
False
Is 4861 composite?
False
Is 10433 prime?
True
Is 470863 a composite number?
False
Is 33889 composite?
False
Is 116891 a prime number?
False
Is 326293 a prime number?
False
Is 23437 prime?
False
Is 19235 a prime number?
False
Is 134781 a composite number?
True
Is 28559 a composite number?
False
Is 4393 prime?
False
Is 25501 a prime number?
False
Is 48014 a composite number?
True
Is 11359 a prime number?
False
Is 33379 prime?
False
Is 122659 a composite number?
True
Is 4078 a prime number?
False
Is 41131 prime?
True
Is 127207 a composite number?
False
Is 1559589 composite?
True
Is 20671 prime?
False
Is 1354 a composite number?
True
Is 44839 a composite number?
False
Is 38758 composite?
True
Is 514097 composite?
True
Is 22343 prime?
True
Is 9851 composite?
False
Is 52619 composite?
True
Is 1029881 a prime number?
True
Is 63373 prime?
False
Is 111079 a composite number?
True
Is 619007 a prime number?
True
Is 450493 a prime number?
True
Is 91733 a composite number?
False
Is 624257 composite?
True
Is 7261 a prime number?
False
Is 1641199 prime?
False
Is 4583 a composite number?
False
Is 2962253 a prime number?
False
Is 14853 a composite number?
True
Is 4443 a prime number?
False
Is 35909 prime?
False
Is 4271 a composite number?
False
Is 12869 a composite number?
True
Is 63997 prime?
True
Is 196699 a prime number?
True
Is 12979 composite?
False
Is 5773 prime?
False
Is 125371 a composite number?
False
Is 51235 a prime number?
False
Is 8663 a prime number?
True
Is 2927 a prime number?
True
Is 34987 prime?
False
Is 21367 a prime number?
False
Is 298393 a composite number?
True
Is 553283 a prime number?
False
Is 41333 a prime number?
True
Is 234518 a composite number?
True
Is 3821 prime?
True
Is 108331 prime?
False
Is 172967 a prime number?
False
Is 57745 a prime number?
False
Is 29215 a prime number?
False
Is 23266 composite?
True
Is 10559 a prime number?
True
Is 380753 composite?
False
Is 26461 composite?
True
Is 1837 prime?
False
Is 62327 a prime number?
True
Is 2003 prime?
True
Is 262019 prime?
False
Is 190643 a prime number?
False
Is 30211 prime?
True
Is 839 prime?
True
Is 71771 a composite number?
True
Is 16249 a composite number?
False
Is 5773 a prime number?
False
Is 131549 prime?
False
Is 307 composite?
False
Is 27539 prime?
True
Is 39187 prime?
False
Is 345211 prime?
False
Is 33563 prime?
True
Is 3569 prime?
False
Is 627433 a composite number?
False
Is 374531 a composite number?
False
Is 169831 a composite number?
False
Is 7517 prime?
True
Is 1371 composite?
True
Is 74279 a prime number?
True
Is 102707 prime?
False
Is 28051 a composite number?
False
Is 10077 a prime number?
False
Is 4267 composite?
True
Is 50965 a composite number?
True
Is 980891 a prime number?
False
Is 27299 prime?
True
Is 4835 prime?
False
Is 4658169 composite?
True
Is 157991 a prime number?
True
Is 526127 composite?
True
Is 31121 a prime number?
True
Is 111311 prime?
False
Is 2423474 prime?
False
Is 11791 a composite number?
True
Is 6157 prime?
False
Is 404477 prime?
False
Is 49297 a prime number?
True
Is 1509319 prime?
False
Is 28699 composite?
True
Is 191441 a prime number?
True
Is 14401 composite?
False
Is 797 composite?
False
Is 43279 a prime number?
False
Is 16871 prime?
True
Is 2657 composite?
False
Is 1168301 a prime number?
True
Is 78823 a composite number?
False
Is 67033 a prime number?
True
Is 196793 prime?
False
Is 96946 a composite number?
True
Is 28493 a prime number?
True
Is 109609 a prime number?
True
Is 179623 prime?
True
Is 113417 prime?
True
Is 334129 composite?
True
Is 3481 a prime number?
False
Is 3755 a composite number?
True
Is 61291 composite?
False
Is 414949 a prime number?
True
Is 175979 composite?
False
Is 4101 composite?
True
Is 42977 a composite number?
True
Is 254 composite?
True
Is 35 prime?
False
Is 34421 a composite number?
False
Is 616103 composite?
False
Is 52573 a composite number?
True
Is 2879 composite?
False
Is 32135 a composite number?
True
Is 26407 composite?
False
Is 2785 prime?
False
Is 520661 composite?
True
Is 521 a prime number?
True
Is 907 composite?
False
Is 154563 a composite number?
True
Is 68361 a prime number?
False
Is 34511 a composite number?
False
Is 41119 a prime number?
False
Is 29179 a prime number?
True
Is 1638203 a prime number?
False
Is 64873 composite?
True
Is 196349 a prime number?
False
Is 169987 a prime number?
True
Is 149519 composite?
False
Is 93787 prime?
True
Is 458719 prime?
True
Is 114311 a prime number?
True
Is 17617 a prime number?
False
Is 52282 a prime number?
False
Is 126611 a composite number?
False
Is 9382 prime?
False
Is 2503 prime?
True
Is 77437 a prime number?
False
Is 180983 a composite number?
True
Is 1511 composite?
False
Is 59333 composite?
False
Is 1128811 prime?
True
Is 451 a composite number?
True
Is 90238 composite?
True
Is 316381 a prime number?
False
Is 1030619 a composite number?
False
Is 1222877 a composite number?
True
Is 82783 prime?
False
Is 91283 prime?
True
Is 10451 a prime number?
False
Is 68881 prime?
True
Is 1945 a composite number?
True
Is 179897 prime?
True
Is 497 a composite number?
True
Is 1043 a composite number?
True
Is 1550137 composite?
True
Is 57683 a composite number?
True
Is 482269 prime?
False
Is 50119 prime?
True
Is 63439 prime?
True
Is 46297 prime?
False
Is 216802 composite?
True
Is 52051 a prime number?
True
Is 5714 a prime number?
False
Is 675593 prime?
True
Is 745103 prime?
True
Is 7463 composite?
True
Is 11383 a composite number?
False
Is 7033 prime?
False
Is 1213741 a composite number?
False
Is 345491 composite?
True
Is 3011 a composite number?
False
Is 2719 prime?
True
Is 2797 a composite number?
False
Is 1005199 a composite number?
True
Is 42989 prime?
True
Is 7339 prime?
False
Is 39821 a prime number?
True
Is 1210531 a prime number?
False
Is 18299 a prime number?
False
Is 2841 prime?
False
Is 11519 a composite number?
False
Is 432241 prime?
True
Is 68321 a composite number?
True
Is 879313 a composite number?
True
Is 1949 composite?
False
Is 347135 a prime number?
False
Is 5251 a composite number?
True
Is 21851 a prime number?
True
Is 130173 prime?
False
Is 13073 composite?
True
Is 6883 a composite number?
False
Is 7747 a composite number?
True
Is 43541 composite?
False
Is 61127 composite?
True
Is 203347 composite?
True
Is 244157 prime?
True
Is 1061251 composite?
False
Is 289241 a prime number?
True
Is 40739 a composite number?
False
Is 535529 prime?
True
Is 22459 composite?
True
Is 989 prime?
False
Is 19457 prime?
True
Is 7057 a composite number?
False
Is 1706 prime?
False
Is 1145281 composite?
False
Is 1643293 composite?
False
Is 14401 prime?
True
Is 467149 a prime number?
False
Is 991 prime?
True
Is 44221 a composite number?
False
Is 661081 composite?
True
Is 13901 a composite number?
False
Is 129263 a prime number?
True
Is 2085413 a prime number?
Fals